alculate the remainder when 79984 is divided by 540.
64
What is the remainder when 16571 is divided by 255?
251
Calculate the remainder when 346482 is divided by 188.
186
What is the remainder when 226350 is divided by 39?
33
What is the remainder when 9689 is divided by 804?
41
Calculate the remainder when 976 is divided by 906.
70
What is the remainder when 285688 is divided by 445?
443
What is the remainder when 714 is divided by 430?
284
What is the remainder when 207787 is divided by 12?
7
What is the remainder when 9698 is divided by 510?
8
What is the remainder when 915 is divided by 300?
15
What is the remainder when 2739841 is divided by 879?
877
Calculate the remainder when 22754 is divided by 123.
122
Calculate the remainder when 439267 is divided by 62.
59
Calculate the remainder when 18754 is divided by 1007.
628
What is the remainder when 5548 is divided by 1358?
116
What is the remainder when 318 is divided by 56?
38
What is the remainder when 128096 is divided by 1562?
12
Calculate the remainder when 1236762 is divided by 48.
42
Calculate the remainder when 64162 is divided by 209.
208
Calculate the remainder when 1308 is divided by 263.
256
What is the remainder when 97499 is divided by 500?
499
What is the remainder when 131107 is divided by 35?
32
Calculate the remainder when 23909 is divided by 14.
11
What is the remainder when 23758 is divided by 580?
558
Calculate the remainder when 17764 is divided by 920.
284
Calculate the remainder when 16897 is divided by 318.
43
What is the remainder when 17162 is divided by 162?
152
Calculate the remainder when 5648 is divided by 940.
8
What is the remainder when 21691 is divided by 241?
1
Calculate the remainder when 16132 is divided by 169.
77
What is the remainder when 80421 is divided by 47?
4
Calculate the remainder when 69310 is divided by 172.
166
Calculate the remainder when 363337 is divided by 633.
628
What is the remainder when 5192 is divided by 29?
1
What is the remainder when 3166 is divided by 97?
62
Calculate the remainder when 3096 is divided by 1044.
1008
What is the remainder when 20982 is divided by 10?
2
Calculate the remainder when 330774 is divided by 555.
549
Calculate the remainder when 5553 is divided by 238.
79
What is the remainder when 1395 is divided by 57?
27
Calculate the remainder when 255813 is divided by 1224.
1221
Calculate the remainder when 2030 is divided by 295.
260
What is the remainder when 32396 is divided by 54?
50
What is the remainder when 124584 is divided by 154?
152
What is the remainder when 19625 is divided by 3268?
17
Calculate the remainder when 2348 is divided by 87.
86
What is the remainder when 60187 is divided by 31?
16
Calculate the remainder when 8545 is divided by 22.
9
Calculate the remainder when 1155 is divided by 588.
567
Calculate the remainder when 148143 is divided by 6733.
17
Calculate the remainder when 126174 is divided by 30.
24
What is the remainder when 14228 is divided by 19?
16
Calculate the remainder when 9316 is divided by 495.
406
What is the remainder when 270539 is divided by 20?
19
Calculate the remainder when 29588 is divided by 411.
407
Calculate the remainder when 2721922 is divided by 1084.
1082
Calculate the remainder when 8429 is divided by 291.
281
What is the remainder when 12388 is divided by 4125?
13
What is the remainder when 7147 is divided by 7?
0
What is the remainder when 1319 is divided by 433?
20
Calculate the remainder when 1471 is divided by 696.
79
Calculate the remainder when 209139 is divided by 81.
78
What is the remainder when 57283 is divided by 909?
16
What is the remainder when 767825 is divided by 354?
353
What is the remainder when 1610 is divided by 318?
20
What is the remainder when 248071 is divided by 106?
31
Calculate the remainder when 3225 is divided by 2051.
1174
What is the remainder when 105709 is divided by 138?
1
Calculate the remainder when 1665 is divided by 393.
93
Calculate the remainder when 263113 is divided by 135.
133
Calculate the remainder when 34583 is divided by 67.
11
What is the remainder when 321733 is divided by 24?
13
Calculate the remainder when 25650 is divided by 458.
2
Calculate the remainder when 4879 is divided by 686.
77
Calculate the remainder when 7866 is divided by 3926.
14
What is the remainder when 42508 is divided by 145?
23
Calculate the remainder when 3959 is divided by 66.
65
What is the remainder when 10288 is divided by 3410?
58
Calculate the remainder when 27677 is divided by 32.
29
What is the remainder when 3017 is divided by 16?
9
Calculate the remainder when 4677 is divided by 3.
0
What is the remainder when 7315 is divided by 3628?
59
What is the remainder when 404 is divided by 127?
23
What is the remainder when 586 is divided by 58?
6
Calculate the remainder when 7456 is divided by 424.
248
Calculate the remainder when 103719 is divided by 1348.
1271
Calculate the remainder when 114419 is divided by 131.
56
What is the remainder when 1314897 is divided by 675?
672
What is the remainder when 1825 is divided by 1805?
20
Calculate the remainder when 1590 is divided by 55.
50
What is the remainder when 59893 is divided by 74?
27
Calculate the remainder when 62934 is divided by 28.
18
Calculate the remainder when 209008 is divided by 90.
28
What is the remainder when 3522 is divided by 44?
2
Calculate the remainder when 2514 is divided by 522.
426
What is the remainder when 15091 is divided by 1320?
571
Calculate the remainder when 44697 is divided by 149.
146
Calculate the remainder when 987 is divided by 146.
111
Calculate the remainder when 439721 is divided by 11.
7
What is the remainder when 69387 is divided by 29?
19
What is the remainder when 316703 is divided by 45240?
23
What is the remainder when 695500 is divided by 9?
7
Calculate the remainder when 2846 is divided by 1022.
802
What is the remainder when 10897 is divided by 419?
3
What is the remainder when 310126 is divided by 546?
544
Calculate the remainder when 713 is divided by 355.
3
What is the remainder when 1619 is divided by 4?
3
Calculate the remainder when 12892 is divided by 112.
12
Calculate the remainder when 25485 is divided by 72.
69
Calculate the remainder when 307 is divided by 36.
19
What is the remainder when 785 is divided by 246?
47
What is the remainder when 548 is divided by 401?
147
What is the remainder when 2281 is divided by 534?
145
Calculate the remainder when 1266421 is divided by 1449.
1444
Calculate the remainder when 8383 is divided by 182.
11
Calculate the remainder when 33546 is divided by 5579.
72
Calculate the remainder when 113765 is divided by 113708.
57
Calculate the remainder when 1657 is divided by 1529.
128
Calculate the remainder when 1678 is divided by 1656.
22
What is the remainder when 55581 is divided by 13?
6
Calculate the remainder when 815933 is divided by 211.
207
Calculate the remainder when 1898 is divided by 629.
11
What is the remainder when 1389 is divided by 1236?
153
What is the remainder when 310396 is divided by 11?
9
What is the remainder when 14170 is divided by 17?
9
Calculate the remainder when 87167 is divided by 8712.
47
Calculate the remainder when 5402 is divided by 165.
122
Calculate the remainder when 57081 is divided by 28473.
135
Calculate the remainder when 2699 is divided by 249.
209
What is the remainder when 4125 is divided by 1021?
41
What is the remainder when 35871 is divided by 8936?
127
What is the remainder when 3205 is divided by 14?
13
Calculate the remainder when 120130 is divided by 2860.
10
Calculate the remainder when 12093 is divided by 78.
3
Calculate the remainder when 32650 is divided by 422.
156
What is the remainder when 96091 is divided by 1172?
1159
Calculate the remainder when 237173 is divided by 25.
23
Calculate the remainder when 31056 is divided by 29.
26
Calculate the remainder when 22435 is divided by 7358.
361
Calculate the remainder when 551 is divided by 5.
1
Calculate the remainder when 38525 is divided by 741.
734
Calculate the remainder when 160799 is divided by 240.
239
Calculate the remainder when 88526 is divided by 16.
14
Calculate the remainder when 28568 is divided by 1460.
828
Calculate the remainder when 44267 is divided by 23.
15
Calculate t